t is the highest common divisor of 170 and d?
17
Suppose -115*t + 111*t = -216. Let r be (153/12)/(t/72). What is the greatest common factor of 3 and r?
1
Suppose 0 = -7*u + 27 + 1. Suppose -u*m + 4 = -4. Suppose -1 = m*b - 9. What is the highest common factor of b and 28?
4
Let d = -4869 + 4875. Calculate the highest common factor of 28 and d.
2
Let z(g) = -3*g**2 + 92*g + 39. Let t be z(31). Suppose t*y - y = 126. Suppose 3 + 1 = 2*x. What is the highest common factor of x and y?
2
Let j(f) = -f**3 + 26*f**2 + 45*f + 78. Let v be j(26). What is the highest common divisor of v and 260?
52
Let i(o) be the second derivative of o**4/12 + o**3/2 + 11*o**2/2 - 112*o. Let d be i(0). What is the greatest common factor of 22 and d?
11
Let q = -3143 + 3164. What is the greatest common divisor of 539 and q?
7
Suppose -f = 5*s - 19, -2*f - 12 = -4*s - 6*f. Suppose -5*q = 3*q - 176. Suppose q*u = 19*u + 96. What is the greatest common factor of s and u?
4
Let t = -5240 - -5245. Suppose p = 4*j - 822, -j = 3*j + p - 818. What is the highest common factor of t and j?
5
Let k be 4 - 6 - (1 + -4). Suppose 3*y = 3*a - 221 + 41, a - 35*y = 298. Calculate the highest common factor of a and k.
1
Suppose 67*i + 92*i - 1570 = 2*i. Suppose 2*q + 284 = 6*q. Suppose 4*a + 3*t = q, -8 + 36 = 2*a + 4*t. What is the greatest common divisor of i and a?
10
Let d(h) = 16*h**2 - 55*h - 42. Let r be d(-7). Calculate the highest common divisor of r and 483.
161
Suppose 0*f - 3 = -f. Let o(w) = 17*w + 3. Let k be o(f). Let d = 75271 + -75136. What is the highest common divisor of d and k?
27
Let r = 222 - 219. Suppose -23*w + r = -22*w. Calculate the highest common divisor of 96 and w.
3
Suppose -2*v + 156 = z, 305*z - 4*v = 302*z + 528. Calculate the highest common divisor of 9 and z.
3
Let y = -506 + 605. Suppose -3 = u - 6. Let j = 6 + u. Calculate the greatest common divisor of y and j.
9
Let r be (-44)/(44/(-8) + 5). Suppose -5*p + 1085 = -5*d, 4*p - 889 = 3*d - 6*d. Calculate the greatest common factor of r and p.
44
Suppose -151*z + 53*z = -42378 - 110208. What is the greatest common divisor of 9 and z?
9
Suppose 294 = -2*d - b - 105, 4*d + b + 799 = 0. Let q = -178 - d. Calculate the highest common divisor of 638 and q.
22
Suppose -2*x - a + 730 = 0, 0 = -4*x + 14*a - 17*a + 1464. Calculate the highest common factor of 22 and x.
11
Let l be -1*(4/8*-2)/(-1). Let p(j) = 16*j**2 - 3*j - 4. Let v be p(l). Calculate the highest common factor of 20 and v.
5
Let f = 157381 - 157178. Let n = 10 + 19. Calculate the greatest common divisor of n and f.
29
Let h(n) = -9*n**2 + 7*n + 53. Let w be h(-5). Let v = w + 265. What is the greatest common factor of v and 464?
58
Suppose -5*d = -3*s - 72, -4*d + 88 = -4*s - 0*s. Let j = -11 - s. Suppose l = j*l - 84. Calculate the greatest common divisor of 192 and l.
12
Let k be ((-1)/(-18))/((-68)/408)*-39*12. What is the greatest common divisor of k and 143?
13
Let t(q) = -q**3 - 169*q**2 - 980*q - 186. Let c be t(-163). Let b = 46 + -18. What is the highest common factor of b and c?
28
Let l = -112 - -110. Let f be 13*(-5 + (-18)/(l - 1)). What is the greatest common factor of 351 and f?
13
Let a be 2/(-16) + (19 - 0) + (-11554805)/(-2920). What is the greatest common factor of a and 84?
28
Suppose 33*q + 10*q + 42048 - 255543 = 0. Calculate the greatest common divisor of q and 15.
15
Suppose 2*t - 250 = -2*y + 1274, 0 = 5*t + 4*y - 3813. Let i = 997 - -118. Let j = i - t. What is the greatest common divisor of j and 50?
50
Suppose 8*c = 210 + 3422. Suppose n - c = -3*a, -282 = -4*a + 3*n + 319. Suppose 33 = -150*s + a*s. Calculate the greatest common factor of 33 and s.
33
Suppose -m = -3*g - 3949, -g = -11*m + 8*m + 11879. What is the greatest common factor of 17 and m?
17
Let c be (13/(-2))/(1/(-6)). Let d(s) = -2*s + s + 11*s - s - c. Let u be d(16). What is the highest common divisor of u and 42?
21
Let c(p) = -p**3 + 12*p**2 + 10*p + 8. Suppose 4 = -a - 4. Let z = a + 18. Let x be c(z). Calculate the greatest common divisor of x and 28.
28
Suppose 2*f = 2*x + 709 - 181, 4*f = -2*x + 1080. What is the highest common divisor of f and 1005?
67
Let k be (10 - -1) + 2 + 7/(-7). Let x be (k/5)/((-8)/(-20)). Calculate the highest common factor of 8 and x.
2
Suppose 5*d - 19 = i - 4, 19 = -3*d - 5*i. Let u be (-2 - d) + 0 + 4. Suppose -3*f - f + 36 = u. Calculate the highest common divisor of f and 81.
9
Suppose 2*m + 0*m + 346 = -w, 2*m - 4*w + 346 = 0. Let n = 188 + m. Let t be 166 - (-3 + 3 + 1). What is the greatest common factor of t and n?
15
Let r be (-620)/(-62)*(-4)/(-10). Suppose 5*a - 34 = -r*y, 0 = 4*y - 2 - 2. What is the greatest common factor of 384 and a?
6
Let p be ((-155)/(-31) - (-2 - -84))*(-10)/2. Let y = 28 + -12. Suppose 0 = y*z - 11*z - p. What is the highest common factor of z and 11?
11
Suppose 5591*s = 5593*s - 380. Let g(k) = k + 10. Let v be g(0). What is the highest common factor of v and s?
10
Let n(l) = 25*l**3 - 4 + 8 + 3*l - 24*l**3 + 10*l**2 - 15*l. Let p be n(-10). Calculate the highest common factor of 31 and p.
31
Suppose 5*l - 200 = -4*y, 2*y - 63 - 31 = -l. Let q be ((-6)/7 - 80/21)/(2/(-15)). What is the greatest common divisor of q and y?
5
Let o = 14254 + -14194. What is the greatest common divisor of o and 2820?
60
Suppose 3*f = 34 + 11. Let s(u) = -u**3 + 14*u**2 + 16*u - 18. Let o be s(f). Let q be (-2)/o*42/28. Calculate the greatest common divisor of q and 10.
1
Let p(y) = -2*y**3 + 26*y**2 + 4*y - 8. Let z be p(13). What is the greatest common factor of 264 and z?
44
Let l = -1255 + 1369. Suppose 7*a - h - 2504 = 3*a, 4*h - 16 = 0. Calculate the highest common divisor of l and a.
57
Let k(z) = -22*z + 20*z**2 + z**3 - 26 + 63 - 31 - 25. Let q be k(-21). What is the greatest common factor of 11 and q?
1
Suppose 3*q - 8310 = -4*y, -3554 = -2*q + 4*y + 2006. Calculate the highest common factor of q and 438.
146
Let f(w) = -w**3 + 18*w**2 + 31*w - 34. Let t be f(20). Let l = -203 - t. What is the highest common factor of l and 187?
11
Let h(z) = -19*z + 8. Let k(l) = -96*l + 40. Let o(c) = 24*h(c) - 5*k(c). Let q be o(5). What is the greatest common divisor of q and 56?
56
Let i(r) = -5*r + 103. Let a be i(-27). Suppose 0 = -2*b - 2*c + 8, 7*c - 2*c = -b - 8. What is the highest common divisor of a and b?
7
Let p(o) = -o**2 + 47*o - 331. Let u be p(31). Let h be (-1 - -52) + (7 - 3). Calculate the greatest common divisor of h and u.
55
Let d(o) = 0*o - 6*o + o + 60 + 8*o. Let u be d(-14). What is the highest common divisor of u and 99?
9
Let l = -1779 + 1838. What is the greatest common factor of l and 9617?
59
Let n(c) = -c**3 - 8*c**2 + 18*c - 15. Let h be n(-10). Suppose h*p = -6*p + 275. What is the highest common factor of 200 and p?
25
Suppose -12*f - 419 = -916 + 389. Calculate the highest common factor of 9 and f.
9
Let v(l) = 2*l**2 - 12*l. Let g be v(13). Let i = -47 - -45. Let c be (-5 - 1 - i)*39/(-12). Calculate the greatest common factor of g and c.
13
Let h be 23/2 + (-4 - 72/(-16)). Suppose -19*i = -h*i - 490. What is the highest common factor of i and 42?
14
Suppose -5*s + 1 = 6. Let z = s - -4. Let q = 398 - 383. Calculate the greatest common factor of z and q.
3
Suppose -3*g + 184 = -4*p, -188 = -4*g - 4*p + 104. Calculate the greatest common divisor of 2703 and g.
17
Suppose 2*g = 4*k + 40, 0 = 3*k - 1 - 11. What is the highest common divisor of g and 21196?
28
Let d = 1430 - 1034. Calculate the greatest common factor of 1089 and d.
99
Let v(z) = 3*z**2 + 101*z - 657. Let l be v(-41). What is the highest common factor of 4690 and l?
35
Let n be (-312)/(-65)*(-5)/(-2). Let b be 4/(-3)*(-9)/6. Suppose 5*t - 72 = 4*d, b*t = 5*t + 4*d - 24. Calculate the highest common factor of t and n.
12
Suppose 4*t + 15 = 5*c, -4*c = 4*t - 9*t - 21. Let w be 742 - (20/16)/t*4. Let u = w + -446. What is the highest common factor of 33 and u?
33
Let c = 6003 - 5964. What is the greatest common divisor of 403 and c?
13
Let y be (2 - -12)/1*3. Let s = 37 + y. Let g = s + -73. Calculate the highest common factor of 6 and g.
6
Let f(s) = -2*s**2 - 4*s + 3. Let l be f(1). Let v be l + 4 - (1 + 16). Let c be (v - 1)/((-19)/38). What is the greatest common factor of 306 and c?
34
Let t = -11152